{"id":1927,"date":"2014-06-10T17:48:43","date_gmt":"2014-06-10T15:48:43","guid":{"rendered":"http:\/\/pastors-home.de\/?page_id=1927"},"modified":"2014-06-11T10:39:17","modified_gmt":"2014-06-11T08:39:17","slug":"taufsprueche","status":"publish","type":"page","link":"https:\/\/www.pastors-home.de\/?page_id=1927","title":{"rendered":"Taufspr\u00fcche"},"content":{"rendered":"<blockquote><p><span style=\"color: #800080;\"><strong><a href=\"https:\/\/i0.wp.com\/pastors-home.de\/wp-content\/uploads\/2014\/06\/taufemehralswasser.jpg\"><img data-recalc-dims=\"1\" loading=\"lazy\" decoding=\"async\" data-attachment-id=\"1928\" data-permalink=\"https:\/\/www.pastors-home.de\/?attachment_id=1928\" data-orig-file=\"https:\/\/i0.wp.com\/www.pastors-home.de\/wp-content\/uploads\/2014\/06\/taufemehralswasser-rotated.jpg?fit=193%2C120&amp;ssl=1\" data-orig-size=\"193,120\" data-comments-opened=\"1\" data-image-meta=\"{&quot;aperture&quot;:&quot;2.8&quot;,&quot;credit&quot;:&quot;&quot;,&quot;camera&quot;:&quot;Canon DIGITAL IXUS 75&quot;,&quot;caption&quot;:&quot;&quot;,&quot;created_timestamp&quot;:&quot;1280056286&quot;,&quot;copyright&quot;:&quot;&quot;,&quot;focal_length&quot;:&quot;5.8&quot;,&quot;iso&quot;:&quot;125&quot;,&quot;shutter_speed&quot;:&quot;0.002&quot;,&quot;title&quot;:&quot;&quot;,&quot;orientation&quot;:&quot;1&quot;}\" data-image-title=\"~taufemehralswasser\" data-image-description=\"\" data-image-caption=\"\" data-large-file=\"https:\/\/i0.wp.com\/www.pastors-home.de\/wp-content\/uploads\/2014\/06\/taufemehralswasser-rotated.jpg?fit=193%2C120&amp;ssl=1\" class=\"alignright size-full wp-image-1928\" src=\"https:\/\/i0.wp.com\/pastors-home.de\/wp-content\/uploads\/2014\/06\/taufemehralswasser.jpg?resize=120%2C193\" alt=\"~taufemehralswasser\" width=\"120\" height=\"193\" \/><\/a>Ich danke Gott und bin fr\u00f6hlich, <\/strong><\/span><br \/>\n<span style=\"color: #800080;\"><strong>dass ich als ein Kind getauft bin. (Martin Luther)<\/strong><\/span><br \/>\nSie suchen einen Taufspruch f\u00fcr ihr Kind oder Patenkind? Hier finden Sie eine thematisch sortierte Zusammenstellung. Au\u00dferdem empfehle ich Ihnen, sich das neue Angebot <a href=\"http:\/\/www.taufspruch.de\" target=\"_blank\">Taufspruch.de<\/a> auch einmal anzusehen.<\/p><\/blockquote>\n<p><strong>Thema: Freude<\/strong><\/p>\n<p>Meine Seele erhebt den Herrn, und mein Geist freut sich Gottes, meines Heilandes. Lukas 1, 46-47<\/p>\n<p>Freut euch, da\u00df eure Namen im Himmel aufgeschrieben sind. Lukas 10, 20<!--more--><\/p>\n<p>Seid fr\u00f6hlich in Hoffnung, geduldig in Tr\u00fcbsal, beharrlich im Gebet. R\u00f6mer 12, 12<\/p>\n<p>Ich habe dir geboten, da\u00df du getrost und unverzagt seist. Josua 1, 9<\/p>\n<p>Denn du hast meine Nieren bereitet und hast mich gebildet im Mutterleibe. Ich danke dir daf\u00fcr, dass ich wunderbar gemacht bin;<br \/>\nwunderbar sind deine Werke; das erkennt meine Seele. Psalm 139,14<\/p>\n<p>Lasst die Kinder zu mir kommen; hindert sie nicht daran! Denn Menschen wie ihnen geh\u00f6rt das Reich Gottes. Markus 10,14<\/p>\n<p>La\u00dft die Kinder zu mir kommen; hindert sie nicht daran! Denn Menschen wie ihnen geh\u00f6rt das Reich Gottes. Markus 10, 14<\/p>\n<p>Vers\u00e4ume keinen fr\u00f6hlichen Tag und la\u00df Dir die Freuden nicht entgehen, die Dir beschieden sind! Sirach 14,14<\/p>\n<p>Mein Leib und Seele freuen sich in dem lebendigen Gott. Psalm 84, 3b<\/p>\n<p>Denn du bist mein Helfer, und unter dem Schatten deiner Fl\u00fcgel frohlocke ich. Psalm 63,8<br \/>\n<iframe loading=\"lazy\" style=\"width: 120px; height: 240px;\" src=\"http:\/\/rcm-eu.amazon-adsystem.com\/e\/cm?lt1=_blank&amp;bc1=000000&amp;IS2=1&amp;nou=1&amp;bg1=FFFFFF&amp;fc1=000000&amp;lc1=0000FF&amp;t=pastorhome-21&amp;o=3&amp;p=8&amp;l=as4&amp;m=amazon&amp;f=ifr&amp;ref=ss_til&amp;asins=3772435696\" width=\"300\" height=\"150\" frameborder=\"0\" marginwidth=\"0\" marginheight=\"0\" scrolling=\"no\"><\/iframe><\/p>\n<p><strong>Thema: Hoffnung <\/strong><\/p>\n<p>Wer auf den Herrn hofft, den wird die G\u00fcte umfangen. Psalm 32,10<\/p>\n<p>Der Herr ist meine St\u00e4rke und mein Schild; auf ihn hofft mein Herz, und mir ist geholfen. Psalm 28, 7<\/p>\n<p>Befiehl dem Herrn deine Wege und hoffe auf ihn, er wird\u0301s wohl machen. Psalm 37, 5<\/p>\n<p>Der Herr hat Gefallen an denen, die ihn f\u00fcrchten, die auf seine G\u00fcte hoffen. Psalm 147, 11<\/p>\n<p>Gott ist unsere Zuversicht und St\u00e4rke Psalm 46, 1-2<\/p>\n<p>Erhalte mich durch dein Wort, da\u00df ich lebe, und la\u00df mich nicht zuschanden werde in meiner Hoffnung. Psalm 119,116<\/p>\n<p>Mit meinem Gott kann ich \u00fcber Mauern springen. Psalm 18,30<\/p>\n<p>Gelobt sei der Herr t\u00e4glich; er legt uns eine Last auf, aber er hilft uns auch. Psalm 68,20<\/p>\n<p><strong>Thema: Liebe<\/strong><\/p>\n<p>Seht, welch eine Liebe hat uns der Vater erwiesen, da\u00df wir Gottes Kinder hei\u00dfen 1. Johannes 3, 1<\/p>\n<p>La\u00dft uns lieben, denn er hat uns zuerst geliebt. 1. Johannes 4, 19<\/p>\n<p>Gott ist die Liebe; und wer in der Liebe bleibt, der bleibt in Gott und Gott in ihm. . 1. Joh. 4,16<\/p>\n<p>Er hat seinen Engeln befohlen da\u00df sie dich beh\u00fcten auf allen deinen Wegen, da\u00df sie dich auf H\u00e4nden tragen und du deinen Fu\u00df nicht an einen Stein sto\u00dfest. Psalm 91,11<\/p>\n<p>Die Liebe vergeht niemals. 1. Korinther 13,8<\/p>\n<p>Wach auf mein Herz! Harfe und Laute wacht auf, denn heute will ich die Sonne wecken. Psalm 57,9<\/p>\n<p>Meine Kinder, lasst uns nicht lieben mit Worten noch mit der Zunge, sondern mit der Tat und mit der Wahrheit. 1. Johannes 3,18<br \/>\n<iframe loading=\"lazy\" style=\"width: 120px; height: 240px;\" src=\"http:\/\/rcm-eu.amazon-adsystem.com\/e\/cm?lt1=_blank&amp;bc1=000000&amp;IS2=1&amp;nou=1&amp;bg1=FFFFFF&amp;fc1=000000&amp;lc1=0000FF&amp;t=pastorhome-21&amp;o=3&amp;p=8&amp;l=as4&amp;m=amazon&amp;f=ifr&amp;ref=ss_til&amp;asins=3798408017\" width=\"300\" height=\"150\" frameborder=\"0\" marginwidth=\"0\" marginheight=\"0\" scrolling=\"no\"><\/iframe><\/p>\n<p><strong>Thema: Licht<\/strong><\/p>\n<p>Christus spricht: Ich bin das Licht der Welt. Wer mir nachfolgt, der wird nicht wandeln in der Finsternis, sondern das Licht des Lebens haben. Johannes 8, 12<\/p>\n<p>Der Herr ist mein Licht und mein Heil, vor wem sollte ich mich f\u00fcrchten? Psalm 27, 1<\/p>\n<p>Denn ihr seid alle Kinder des Lichtes und Kinder des Tages. 1. Thessalonicher 5, 5<\/p>\n<p>Dein Wort ist meines Fu\u00dfes Leuchte und ein Licht auf meinem Wege. Psalm 119, 105<\/p>\n<p>Des Gerechten Pfad gl\u00e4nzt wie das Licht am Morgen, das immer heller leuchtet bis zum vollen Tag. Spr\u00fcche 4,18<\/p>\n<p><strong> Thema: Frieden<\/strong><\/p>\n<p>Es sollen wohl Berge weichen und H\u00fcgel hinfallen, aber meine Gnade soll nicht von dir weichen, und der Bund meines Friedens soll nicht hinfallen, spricht der Herr, dein Erbarmer. Jesaja 54, 10<\/p>\n<p>Selig sind die Friedfertigen, denn sie werden Kinder Gottes hei\u00dfen. . Matth\u00e4us 5, 9<\/p>\n<p>Die Blumen sind aufgegangen im Lande, der Lenz ist herbeigekommen, und die Turteltaube l\u00e4\u00dft sich h\u00f6ren in unserm Lande. Hoheslied 2,12<\/p>\n<p>Mich qu\u00e4lt keine Sorge wenn ich mich niederlege, ganz ruhig schlafe ich ein; denn du, Herr, h\u00e4ltst die Gegner von mir fern und l\u00e4\u00dft mich in Sicherheit leben. Psalm 4,9<\/p>\n<p><strong>Thema Gebet:<\/strong><\/p>\n<p>Wer den Namen des Herrn anrufen wird, der soll errettet werden. Joel 3,5<\/p>\n<p>Rufe mich an in der Not, so will ich dich erretten, und du sollst mich preisen.Psalm 50, 15<\/p>\n<p>Gelobt sei Gott, der mein Gebet nicht verwirft, noch seine G\u00fcte von mir wendet.Psalm 66, 20<\/p>\n<p><strong>Thema: Glaube<\/strong><\/p>\n<p>Wenn man vom Herzen glaubt, so wird man gerecht.R\u00f6mer 10, 10<\/p>\n<p>Alle Dinge sind m\u00f6glich dem, der glaubt.Markus 9, 23<\/p>\n<p>Wer an den Sohn glaubt, der hat das ewige Leben. Johannes 3, 36<\/p>\n<p>Unser Glaube ist der Sieg, der die Welt \u00fcberwunden hat 1. Johannes 5, 4<\/p>\n<p>Weise mir Herr deinen Weg, dass ich wandle in deiner Wahrheit. Erhalte mein Herz bei dem einen, dass ich Deinen Namen f\u00fcrchte. Psalm 86, 11<\/p>\n<p>Liebe und Treue sollen dich nicht verlassen. H\u00e4nge meine Gebote an deinen Hals und schreibe sie auf die Tafel deines Herzens, so wirst du Freundlichkeit und Klugheit erlangen, die Gott und den Menschen gefallen. Spr\u00fcche 3, 3-4.<br \/>\n<iframe loading=\"lazy\" style=\"width: 120px; height: 240px;\" src=\"http:\/\/rcm-eu.amazon-adsystem.com\/e\/cm?lt1=_blank&amp;bc1=000000&amp;IS2=1&amp;nou=1&amp;bg1=FFFFFF&amp;fc1=000000&amp;lc1=0000FF&amp;t=pastorhome-21&amp;o=3&amp;p=8&amp;l=as4&amp;m=amazon&amp;f=ifr&amp;ref=ss_til&amp;asins=3838833864\" width=\"300\" height=\"150\" frameborder=\"0\" marginwidth=\"0\" marginheight=\"0\" scrolling=\"no\"><\/iframe><\/p>\n<p><strong>Thema: Gnade<\/strong><\/p>\n<p>Die Gnade des Herrn w\u00e4hrt von Ewigkeit zu Ewigkeit \u00fcber denen, die ihn f\u00fcrchten. Psalm 103, 17<\/p>\n<p>F\u00fclle uns fr\u00fche mit deiner Gnade, so wollen wir r\u00fchmen und fr\u00f6hlich sein unser Leben lang. Psalm 90, 14<\/p>\n<p>Ich will einen ewigen Bund mit ihnen schlie\u00dfen, dass ich nicht ablassen will, ihnen Gutes zu tun, und will ihnen Furcht vor mir ins Herz geben, dass sie nicht von mir weichen. Jeremia 32, 40<\/p>\n<p>Gott ist treu, durch den ihr berufen seid zur Gemeinschaft mit seinem Sohn Jesus Christus, unserm Herrn. 1. Korinther 1, 9<\/p>\n<p>Denn es ist ein k\u00f6stlich Ding, dass das Herz fest werde, welches geschieht durch Gnade. Hebr\u00e4er 13,9<br \/>\nDenn deine Gnade reicht, so weit der Himmel ist, und deine Treue, so weit die Wolken gehen. Psalm 108, 5<\/p>\n<p><strong>Thema: Vertrauen<\/strong><\/p>\n<p>Weise mir Herr deinen Weg, da\u00df ich wandle in deiner Wahrheit. Psalm 86, 11<\/p>\n<p>Der Herr ist mein Hirte, mir wird nichts mangeln. Psalm 23, 1<\/p>\n<p>Er f\u00fchret mich auf rechter Stra\u00dfe um seines Namens willen. Psalm 23, 3<\/p>\n<p>Ich bin der Weg, die Wahrheit und das Leben, niemand kommt zum Vater denn durch mich. Johannes 14, 6<\/p>\n<p>Es ist gut, auf den Herrn vertrauen und nicht sich verlassen auf Menschen. Psalm 118, 8<\/p>\n<p>Der Herr, dein Gott ist ein barmherziger Gott, er wird dich nicht verlassen. 5. Mose 4, 31<\/p>\n<p>Dennoch bleibe ich stets an dir, denn du h\u00e4ltst mich bei meiner rechten Hand. Psalm 73, 23<\/p>\n<p>F\u00fcrchte dich nicht, denn ich habe dich erl\u00f6st; ich habe dich bei deinem Namen gerufen; du bist mein! Jesaja 43, 1<\/p>\n<p>Leben wir, so leben wir dem Herrn; sterben wir, so sterben wir dem Herrn. Darum: Ob wir nun leben oder sterben, geh\u00f6ren wir dem Herrn R\u00f6mer 14, 8<\/p>\n<p>Es soll dir niemand widerstehen dein Leben lang. Ich will dich nicht verlassen noch von dir weichen. Josua 1,5<\/p>\n<p>Herr, du bist meine St\u00e4rke und Kraft und meine Zuflucht in der Not! Jeremia 16,19<\/p>\n<p>So spricht der Herr: Ich will dich nicht verlassen noch von dir weichen. Sei getrost und unverzagt. Josua 1, 5+6<\/p>\n<p>Denn wenn ihr mich von ganzem Herzen suchen werdet, so will ich mich von euch finden lassen. Jeremia 29,13<\/p>\n<p>Bewahre mich, wie man seinen Augapfel beh\u00fctet, verstecke mich unter dem Schatten deiner Fl\u00fcgel. Psalm 17,8<\/p>\n<p>Von allen Seiten umgibst Du mich und h\u00e4ltst Deine Hand \u00fcber mir!Psalm 139,5<\/p>\n<p>Ich aber traue darauf,dass du so gn\u00e4dig bist; mein Herz freut sich, dass du so gern hilfst. Ich will dem Herrn singen, dass er so wohl an mir tut. Psalm 13,6<\/p>\n<p>Ich freue mich und bin fr\u00f6hlich \u00fcber deine G\u00fcte,&#8230; du stellst meine F\u00fc\u00dfe auf weiten Raum. Psalm 31,8a,9b<\/p>\n<p>Denn du hast meine Nieren bereitet und hast mich gebildet im Mutterleibe. Ich danke dir daf\u00fcr, dass ich wunderbar gemacht bin; wunderbar sind deine Werke; das erkennt meine Seele. Psalm 139, 13-14<\/p>\n<p>Des Menschen Herz erdenkt sich seinen Weg; aber der HERR allein lenkt seinen Schritt. Spr\u00fcche 16,9<\/p>\n<p>Sei mutig und stark! F\u00fcrchte dich also nicht, und hab keine Angst; denn der Herr, dein Gott, ist mit dir bei allem, was du unternimmst. Josua 1,9<\/p>\n<p><strong>Thema: Segen<\/strong><\/p>\n<p>Der Herr denkt an uns und segnet uns. Psalm 115, 12<\/p>\n<p>Wer unter dem Schirm des H\u00f6chsten sitzt und unter dem Schatten des Allm\u00e4chtigen bleibt, der spricht zu dem Herrn: Meine Zuversicht und meine Burg, mein Gott auf den ich hoffe. Psalm 91,1+2<\/p>\n<p>Weisheit wird in dein Herz eingehen, und Erkenntnis wird deiner Seele lieblich sein. Besonnenheit wird dich bewahren und Einsicht dich behueten.Spr\u00fcche 2, 10-11<\/p>\n<p>Der HERR beh\u00fcte dich vor allem \u00dcbel, er beh\u00fcte deine Seele. Der HERR beh\u00fcte deinen Ausgang und Eingang von nun an bis in Ewigkeit! Psalm 121, 7+8<\/p>\n<p>Er wird wachsen wie ein Baum an der Quelle, dass die Zweige emporsteigen \u00fcber die Mauer.1. Mose 49,22<\/p>\n<p>Denn du bist mein Helfer, und unter dem Schatten deiner Fl\u00fcgel frohlocke ich. Psalm 63,8<br \/>\nWas immer Du auch tust, Gott wird Dich besch\u00fctzen, vom Anfang bis zum Ende, jetzt und in alle Zukunft. Psalm 121,8 in freier \u00dcbertragung<\/p>\n","protected":false},"excerpt":{"rendered":"<p>Ich danke Gott und bin fr\u00f6hlich, dass ich als ein Kind getauft bin. (Martin Luther) Sie suchen einen Taufspruch f\u00fcr ihr Kind oder Patenkind? Hier finden Sie eine thematisch sortierte Zusammenstellung. Au\u00dferdem empfehle ich Ihnen, sich das neue Angebot Taufspruch.de auch einmal anzusehen. Thema: Freude Meine Seele erhebt den Herrn,\u2026 <a class=\"continue-reading-link\" href=\"https:\/\/www.pastors-home.de\/?page_id=1927\">ich will weiterlesen<\/a><\/p>\n","protected":false},"author":1,"featured_media":0,"parent":0,"menu_order":0,"comment_status":"open","ping_status":"open","template":"","meta":{"jetpack_post_was_ever_published":false,"footnotes":""},"class_list":["post-1927","page","type-page","status-publish","hentry"],"jetpack_sharing_enabled":true,"jetpack_shortlink":"https:\/\/wp.me\/P4BNB2-v5","jetpack_likes_enabled":true,"_links":{"self":[{"href":"https:\/\/www.pastors-home.de\/index.php?rest_route=\/wp\/v2\/pages\/1927","targetHints":{"allow":["GET"]}}],"collection":[{"href":"https:\/\/www.pastors-home.de\/index.php?rest_route=\/wp\/v2\/pages"}],"about":[{"href":"https:\/\/www.pastors-home.de\/index.php?rest_route=\/wp\/v2\/types\/page"}],"author":[{"embeddable":true,"href":"https:\/\/www.pastors-home.de\/index.php?rest_route=\/wp\/v2\/users\/1"}],"replies":[{"embeddable":true,"href":"https:\/\/www.pastors-home.de\/index.php?rest_route=%2Fwp%2Fv2%2Fcomments&post=1927"}],"version-history":[{"count":4,"href":"https:\/\/www.pastors-home.de\/index.php?rest_route=\/wp\/v2\/pages\/1927\/revisions"}],"predecessor-version":[{"id":1945,"href":"https:\/\/www.pastors-home.de\/index.php?rest_route=\/wp\/v2\/pages\/1927\/revisions\/1945"}],"wp:attachment":[{"href":"https:\/\/www.pastors-home.de\/index.php?rest_route=%2Fwp%2Fv2%2Fmedia&parent=1927"}],"curies":[{"name":"wp","href":"https:\/\/api.w.org\/{rel}","templated":true}]}}